e
Is 39335 prime?
False
Is 24713 a prime number?
False
Is 579677 a prime number?
False
Is 33043 prime?
False
Is 811307 a composite number?
True
Is 5111 a prime number?
False
Is 47239 composite?
True
Is 15253 prime?
False
Is 6653 prime?
True
Is 246154 a prime number?
False
Is 94279 composite?
True
Is 9923 a prime number?
True
Is 120895 prime?
False
Is 12982 prime?
False
Is 16221 a prime number?
False
Is 7031 prime?
False
Is 4679 a prime number?
True
Is 18359 a prime number?
False
Is 2078411 prime?
False
Is 11963 a composite number?
True
Is 583 a composite number?
True
Is 16457 prime?
False
Is 285661 composite?
False
Is 198337 composite?
False
Is 521 a composite number?
False
Is 508289 prime?
False
Is 1353113 composite?
True
Is 184607 a prime number?
True
Is 194659 prime?
True
Is 1531 a prime number?
True
Is 4493 composite?
False
Is 5849 a prime number?
True
Is 6037 composite?
False
Is 58039 a prime number?
False
Is 160187 composite?
True
Is 17737 a composite number?
False
Is 190093 composite?
False
Is 15545 prime?
False
Is 103387 composite?
False
Is 17761 a prime number?
True
Is 38351 a prime number?
True
Is 1700993 a prime number?
False
Is 4524335 composite?
True
Is 359981 prime?
True
Is 96647 prime?
False
Is 90031 composite?
False
Is 222193 prime?
True
Is 87379 a composite number?
True
Is 10221 prime?
False
Is 43663 a prime number?
False
Is 5717345 prime?
False
Is 133303 a composite number?
False
Is 124617 prime?
False
Is 146887 composite?
True
Is 53231 prime?
True
Is 15101 composite?
False
Is 25202 a prime number?
False
Is 4391 a composite number?
False
Is 75079 composite?
False
Is 192701 prime?
False
Is 8849 prime?
True
Is 236059 a prime number?
False
Is 303211 composite?
True
Is 3091 prime?
False
Is 53177 a composite number?
True
Is 55193 prime?
False
Is 130493 prime?
False
Is 1777 composite?
False
Is 11901 composite?
True
Is 991 prime?
True
Is 572107 a composite number?
False
Is 12373 composite?
False
Is 8923 a composite number?
False
Is 238861 a composite number?
True
Is 91571 composite?
False
Is 247633 a prime number?
True
Is 227827 a prime number?
True
Is 16689 a composite number?
True
Is 1128031 prime?
True
Is 585691 prime?
True
Is 26407 a prime number?
True
Is 778289 composite?
True
Is 100407 composite?
True
Is 98305 prime?
False
Is 37649 a prime number?
True
Is 111913 a composite number?
False
Is 14461 a composite number?
False
Is 230651 composite?
True
Is 51539 prime?
True
Is 4271 composite?
False
Is 58129 a composite number?
False
Is 487561 composite?
False
Is 463613 a prime number?
True
Is 21311 composite?
True
Is 33563 prime?
True
Is 34019 a prime number?
True
Is 125591 a composite number?
False
Is 117959 prime?
True
Is 149029 composite?
True
Is 57803 a prime number?
True
Is 2096147 a composite number?
False
Is 34399 composite?
True
Is 44159 composite?
False
Is 39581 a prime number?
True
Is 149833 composite?
True
Is 869997 prime?
False
Is 1397 a prime number?
False
Is 1819471 composite?
False
Is 85991 a composite number?
False
Is 292909 a composite number?
False
Is 521 a composite number?
False
Is 399439 a composite number?
False
Is 243461 prime?
True
Is 2591 a prime number?
True
Is 57515 composite?
True
Is 953 composite?
False
Is 10289 prime?
True
Is 136303 composite?
False
Is 9311 a composite number?
False
Is 9899 a composite number?
True
Is 79099 a prime number?
False
Is 1530037 a composite number?
False
Is 360049 prime?
True
Is 171231 a composite number?
True
Is 79967 prime?
True
Is 3313 a prime number?
True
Is 324607 prime?
False
Is 30341 prime?
True
Is 2231 a composite number?
True
Is 3569 composite?
True
Is 204931 composite?
False
Is 50261 a prime number?
True
Is 126421 a composite number?
False
Is 1385 prime?
False
Is 34691 a composite number?
True
Is 584863 prime?
True
Is 11983 prime?
False
Is 67207 a prime number?
False
Is 1603 composite?
True
Is 250157 prime?
False
Is 3061 composite?
False
Is 265609 prime?
False
Is 2413 a prime number?
False
Is 27179 a prime number?
True
Is 193301 a composite number?
False
Is 26629 prime?
False
Is 12031 composite?
True
Is 665459 a composite number?
True
Is 2957 composite?
False
Is 17813 a prime number?
False
Is 298513 composite?
False
Is 20693 prime?
True
Is 255659 composite?
False
Is 1826003 a prime number?
True
Is 179 a composite number?
False
Is 151121 composite?
False
Is 507179 a prime number?
False
Is 124171 prime?
True
Is 8882 a composite number?
True
Is 18103 composite?
True
Is 41461 prime?
False
Is 13393 composite?
True
Is 166781 a prime number?
True
Is 17471 a prime number?
True
Is 560461 composite?
True
Is 42259 prime?
False
Is 296411 a composite number?
True
Is 1061477 a prime number?
False
Is 28201 a prime number?
True
Is 54829 a composite number?
False
Is 31079 composite?
False
Is 5051 prime?
True
Is 104573 composite?
True
Is 47911 composite?
False
Is 1930289 composite?
False
Is 50581 a prime number?
True
Is 320629 a composite number?
True
Is 168247 prime?
True
Is 78143 prime?
False
Is 88787 prime?
False
Is 4561 a composite number?
False
Is 1721 prime?
True
Is 7133701 a composite number?
False
Is 197983 composite?
True
Is 724474 composite?
True
Is 31303 composite?
True
Is 1193383 a composite number?
True
Is 9647 a composite number?
True
Is 78805 composite?
True
Is 29987 composite?
True
Is 126911 prime?
False
Is 283601 a prime number?
True
Is 2116111 composite?
True
Is 3413 a prime number?
True
Is 254747 a composite number?
False
Is 2439841 composite?
True
Is 153131 a composite number?
True
Is 385811 composite?
False
Is 15427 prime?
True
Is 60178 a prime number?
False
Is 156679 a prime number?
True
Is 293 prime?
True
Is 8651 a composite number?
True
Is 158959 prime?
True
Is 154369 prime?
True
Is 599107 a prime number?
False
Is 27731 prime?
False
Is 270967 composite?
False
Is 313081 composite?
False
Is 5051 composite?
False
Is 18899 a composite number?
False
Is 664193 a prime number?
True
Is 53767 prime?
False
Is 723809 a prime number?
False
Is 35633 a prime number?
False
Is 203807 a composite number?
False
Is 21946 prime?
False
Is 480427 prime?
True
Is 696887 composite?
False
Is 29681 a composite number?
True
Is 23717 a composite number?
True
Is 9227 a prime number?
True
Is 9115 a prime number?
False
Is 20563 composite?
False
Is 683831 composite?
False
Is 7121 composite?
False
Is 5627 prime?
False
Is 27273 a composite number?
True
Is 787 composite?
False
Is 146021 prime?
True
Is 2408581 prime?
False
Is 103465 a prime number?
False
Is 1313797 prime?
True
Is 163 composite?
False
Is 137029 a composite number?
False
Is 52837 a prime number?
True
Is 47897 composite?
True
Is 946769 prime?
True
Is 183633 prime?
False
Is 13291 a prime number?
True
Is 33377 a composite number?
False
Is 34955 composite?
True
Is 143779 composite?
False
Is 10007 prime?
True
Is 237043 a composite number?
False
Is 2061793 composite?
False
Is 8261 prime?
False
Is 368661 a prime number?
False
Is 870083 prime?
True
Is 193061 composite?
True
Is 1543 a prime number?
True
Is 517 composite?
True
Is 587 prime?
True
Is 9917 a prime number?
False
Is 976321 prime?
False
Is 26734 a prime number?
False
Is 176849 a prime number?
True
Is 5557 prime?
True
Is 156241 a composite number?
False
Is 1712129 composite?
False
Is 36997 a prime number?
True
Is 1249 a prime number?
True
Is 186833 prime?
False
Is 52135 a composite number?
True
Is 53347 composite?
True
Is 193411 a composite number?
True
Is 37187 composite?
True
Is 10739 prime?
True
Is 7933 a composite number?
False
Is 26327 a prime number?
False
Is 58946 prime?
False
Is 3046497 composite?
True
Is 14681 composite?
True
Is 436807 a prime number?
False
Is 1433251 composite?
False
Is 26561 a composite number?
False
Is 534767 a prime number?
False
Is 340687 prime?
True
Is 85469 a composite number?
False
Is 203053 composite?
True
Is 708853 a prime number?
False
Is 131507 a prime number?
True
Is 79505 a composite number?
True
Is 4327 composite?
False
Is 4201 a composite number?
False
Is 471997 prime?
True
Is 77 composite?
True
Is 114157 composite?
False
Is 269881 a composite number?
True
Is 117529 a prime number?
True
Is 49562 a prime number?
False
Is 20221 a composite number?
True
Is 39329 composite?
True
Is 12333 composite?
True
Is 317023 a composite number?
True
I